{"id":80,"date":"2019-10-05T16:28:02","date_gmt":"2019-10-05T14:28:02","guid":{"rendered":"http:\/\/localhost\/Aeronavale\/?page_id=80"},"modified":"2019-11-22T17:05:19","modified_gmt":"2019-11-22T16:05:19","slug":"meeting-la-ferte-allais-2015","status":"publish","type":"page","link":"https:\/\/aeronavalejc.com\/Aeronavale\/meeting-la-ferte-allais-2015\/","title":{"rendered":"Meeting La Fert\u00e9 Allais 2015"},"content":{"rendered":"\n<div style=\"height:67px\" aria-hidden=\"true\" class=\"wp-block-spacer\"><\/div>\n\n\n\n<div class=\"wp-block-media-text alignwide is-stacked-on-mobile\" style=\"grid-template-columns:31% auto\"><figure class=\"wp-block-media-text__media\"><img decoding=\"async\" loading=\"lazy\" width=\"482\" height=\"636\" src=\"http:\/\/localhost\/Aeronavale\/wp-content\/uploads\/2019\/11\/2015-La-Ferte-Allais.jpg\" alt=\"\" class=\"wp-image-733\" srcset=\"https:\/\/aeronavalejc.com\/Aeronavale\/wp-content\/uploads\/2019\/11\/2015-La-Ferte-Allais.jpg 482w, https:\/\/aeronavalejc.com\/Aeronavale\/wp-content\/uploads\/2019\/11\/2015-La-Ferte-Allais-227x300.jpg 227w\" sizes=\"(max-width: 482px) 100vw, 482px\" \/><\/figure><div class=\"wp-block-media-text__content\">\n<p class=\"has-text-color has-medium-font-size has-vivid-cyan-blue-color\"><em>Chaque ann\u00e9e pendant le weekend de la Pentec\u00f4te, l&rsquo;Amicale Jean Baptiste Salis organise une f\u00eate a\u00e9rienne ou se retrouve tous les passionn\u00e9s d&rsquo;aviation.<\/em><\/p>\n\n\n\n<div class=\"wp-block-advgb-button aligncenter\"><a class=\"wp-block-advgb-button_link advgbbtn-ed8c3543-bd5d-4736-a1bc-c77167af3418\" href=\"https:\/\/aeronavalejc.com\/Aeronavale\/wp-admin\/images\/galerie_Fert\u00e9_Allais\/index.html\" target=\"_self\" rel=\"noopener noreferrer\"><em>Acc\u00e8s galerie<\/em><\/a><\/div>\n<\/div><\/div>\n\n\n\n<div style=\"height:58px\" aria-hidden=\"true\" class=\"wp-block-spacer\"><\/div>\n<style class=\"advgb-styles-renderer\">.advgbbtn-ed8c3543-bd5d-4736-a1bc-c77167af3418{font-size:14px;color:#313131 !important;background-color:#8ed1fc !important;margin:0px 0px 0px 0px !important;padding:10px 30px 10px 30px;border-width:1px !important;border-style:none;border-radius:50px !important;}.advgbbtn-ed8c3543-bd5d-4736-a1bc-c77167af3418:hover{color:#313131 !important;background-color:#cf2e2e !important;box-shadow:1px 1px 12px 0px #ccc;opacity:1;transition:all 0.2s ease;}.advgbbtn-ed8c3543-bd5d-4736-a1bc-c77167af3418 > i {display: none !important;}<\/style>","protected":false},"excerpt":{"rendered":"","protected":false},"author":1,"featured_media":0,"parent":0,"menu_order":0,"comment_status":"closed","ping_status":"closed","template":"","meta":{"advgb_blocks_editor_width":"","advgb_blocks_columns_visual_guide":"","_coblocks_attr":"","_coblocks_dimensions":"","_coblocks_responsive_height":"","_coblocks_accordion_ie_support":"","ngg_post_thumbnail":0},"coauthors":[],"author_meta":{"author_link":"https:\/\/aeronavalejc.com\/Aeronavale\/author\/jca\/","display_name":"JCA"},"relative_dates":{"created":"Publi\u00e9 7 ans il y a","modified":"Mis \u00e0 jour 6 ans il y a"},"absolute_dates":{"created":"Publi\u00e9 le 5 octobre 2019","modified":"Mise \u00e0 jour le 22 novembre 2019"},"absolute_dates_time":{"created":"Publi\u00e9 le 5 octobre 2019 16 h 28 min","modified":"Mise \u00e0 jour le 22 novembre 2019 17 h 05 min"},"featured_img_caption":"","featured_img":false,"series_order":"","_links":{"self":[{"href":"https:\/\/aeronavalejc.com\/Aeronavale\/wp-json\/wp\/v2\/pages\/80"}],"collection":[{"href":"https:\/\/aeronavalejc.com\/Aeronavale\/wp-json\/wp\/v2\/pages"}],"about":[{"href":"https:\/\/aeronavalejc.com\/Aeronavale\/wp-json\/wp\/v2\/types\/page"}],"author":[{"embeddable":true,"href":"https:\/\/aeronavalejc.com\/Aeronavale\/wp-json\/wp\/v2\/users\/1"}],"replies":[{"embeddable":true,"href":"https:\/\/aeronavalejc.com\/Aeronavale\/wp-json\/wp\/v2\/comments?post=80"}],"version-history":[{"count":12,"href":"https:\/\/aeronavalejc.com\/Aeronavale\/wp-json\/wp\/v2\/pages\/80\/revisions"}],"predecessor-version":[{"id":937,"href":"https:\/\/aeronavalejc.com\/Aeronavale\/wp-json\/wp\/v2\/pages\/80\/revisions\/937"}],"wp:attachment":[{"href":"https:\/\/aeronavalejc.com\/Aeronavale\/wp-json\/wp\/v2\/media?parent=80"}],"curies":[{"name":"wp","href":"https:\/\/api.w.org\/{rel}","templated":true}]}}