{"id":71,"date":"2019-10-05T16:16:25","date_gmt":"2019-10-05T14:16:25","guid":{"rendered":"http:\/\/localhost\/Aeronavale\/?page_id=71"},"modified":"2019-11-22T16:35:53","modified_gmt":"2019-11-22T15:35:53","slug":"breguet-1150-atlantic-1","status":"publish","type":"page","link":"https:\/\/aeronavalejc.com\/Aeronavale\/breguet-1150-atlantic-1\/","title":{"rendered":"Br\u00e9guet 1150 Atlantic 1"},"content":{"rendered":"\n<div class=\"wp-block-media-text alignwide\"><figure class=\"wp-block-media-text__media\"><img decoding=\"async\" loading=\"lazy\" width=\"600\" height=\"337\" src=\"http:\/\/localhost\/Aeronavale\/wp-content\/uploads\/2019\/11\/Atlantic.jpg\" alt=\"\" class=\"wp-image-692\" srcset=\"https:\/\/aeronavalejc.com\/Aeronavale\/wp-content\/uploads\/2019\/11\/Atlantic.jpg 600w, https:\/\/aeronavalejc.com\/Aeronavale\/wp-content\/uploads\/2019\/11\/Atlantic-300x169.jpg 300w\" sizes=\"(max-width: 600px) 100vw, 600px\" \/><\/figure><div class=\"wp-block-media-text__content\">\n<h2 class=\"has-text-color has-text-align-center has-custom-size wp-block-heading\" style=\"color:#0693e3;font-size:50px\"><em>L&rsquo;Atlantic 1<\/em><\/h2>\n\n\n\n<p class=\"has-text-color has-text-align-center has-medium-font-size has-vivid-cyan-blue-color\"><em>Avril 1972, arriv\u00e9e des Atlantic 1 \u00e0 la Flottille 23F.<\/em><\/p>\n\n\n\n<p class=\"has-text-color has-text-align-center has-medium-font-size has-vivid-cyan-blue-color\"><em>Fini les pistons du Neptune et le passage en rampant de l&rsquo;arri\u00e8re vers l&rsquo;avant sur le caisson d&rsquo;aile !!<\/em><\/p>\n\n\n\n<p class=\"has-text-color has-text-align-center has-medium-font-size has-vivid-cyan-blue-color\"><em>La\n pressurisation nous permet de voler deux fois plus haut et l&rsquo;ILS coupl\u00e9\n au Pilote automatique nous am\u00e8ne au sol par tous les temps.<\/em><\/p>\n\n\n\n<p class=\"has-text-color has-text-align-center has-medium-font-size has-vivid-cyan-blue-color\"><em>On va plus loin: Thul\u00e9, Anchorage, Djibouti, Bodo&#8230;. de bons souvenirs,<\/em><\/p>\n\n\n\n<p class=\"has-text-color has-text-align-center has-medium-font-size has-vivid-cyan-blue-color\"><em>Mais toujours la nostalgie du P2 !!<\/em><\/p>\n\n\n\n<div style=\"height:46px\" aria-hidden=\"true\" class=\"wp-block-spacer\"><\/div>\n\n\n\n<div class=\"wp-block-advgb-button aligncenter\"><a class=\"wp-block-advgb-button_link advgbbtn-a8eb2bbf-3b06-4c0d-8aa7-a9c7cf634e0b\" href=\"https:\/\/aeronavalejc.com\/Aeronavale\/wp-admin\/images\/galerie_atl1\/index.html\" target=\"_self\" rel=\"noopener noreferrer\"><em>Acc\u00e8s galerie<\/em><\/a><\/div>\n\n\n\n<div style=\"height:33px\" aria-hidden=\"true\" class=\"wp-block-spacer\"><\/div>\n<\/div><\/div>\n<style class=\"advgb-styles-renderer\">.advgbbtn-a8eb2bbf-3b06-4c0d-8aa7-a9c7cf634e0b{font-size:10px;color:#313131 !important;background-color:#8ed1fc !important;margin:0px 0px 0px 0px !important;padding:10px 30px 10px 30px;border-width:1px !important;border-style:none;border-radius:50px !important;}.advgbbtn-a8eb2bbf-3b06-4c0d-8aa7-a9c7cf634e0b:hover{background-color:#9b51e0 !important;box-shadow:1px 1px 12px 0px #ccc;opacity:1;transition:all 0.2s ease;}.advgbbtn-a8eb2bbf-3b06-4c0d-8aa7-a9c7cf634e0b > i {display: none !important;}<\/style>","protected":false},"excerpt":{"rendered":"","protected":false},"author":1,"featured_media":0,"parent":0,"menu_order":0,"comment_status":"closed","ping_status":"closed","template":"","meta":{"advgb_blocks_editor_width":"","advgb_blocks_columns_visual_guide":"","_coblocks_attr":"","_coblocks_dimensions":"","_coblocks_responsive_height":"","_coblocks_accordion_ie_support":"","ngg_post_thumbnail":0},"coauthors":[],"author_meta":{"author_link":"https:\/\/aeronavalejc.com\/Aeronavale\/author\/jca\/","display_name":"JCA"},"relative_dates":{"created":"Publi\u00e9 7 ans il y a","modified":"Mis \u00e0 jour 6 ans il y a"},"absolute_dates":{"created":"Publi\u00e9 le 5 octobre 2019","modified":"Mise \u00e0 jour le 22 novembre 2019"},"absolute_dates_time":{"created":"Publi\u00e9 le 5 octobre 2019 16 h 16 min","modified":"Mise \u00e0 jour le 22 novembre 2019 16 h 35 min"},"featured_img_caption":"","featured_img":false,"series_order":"","_links":{"self":[{"href":"https:\/\/aeronavalejc.com\/Aeronavale\/wp-json\/wp\/v2\/pages\/71"}],"collection":[{"href":"https:\/\/aeronavalejc.com\/Aeronavale\/wp-json\/wp\/v2\/pages"}],"about":[{"href":"https:\/\/aeronavalejc.com\/Aeronavale\/wp-json\/wp\/v2\/types\/page"}],"author":[{"embeddable":true,"href":"https:\/\/aeronavalejc.com\/Aeronavale\/wp-json\/wp\/v2\/users\/1"}],"replies":[{"embeddable":true,"href":"https:\/\/aeronavalejc.com\/Aeronavale\/wp-json\/wp\/v2\/comments?post=71"}],"version-history":[{"count":10,"href":"https:\/\/aeronavalejc.com\/Aeronavale\/wp-json\/wp\/v2\/pages\/71\/revisions"}],"predecessor-version":[{"id":923,"href":"https:\/\/aeronavalejc.com\/Aeronavale\/wp-json\/wp\/v2\/pages\/71\/revisions\/923"}],"wp:attachment":[{"href":"https:\/\/aeronavalejc.com\/Aeronavale\/wp-json\/wp\/v2\/media?parent=71"}],"curies":[{"name":"wp","href":"https:\/\/api.w.org\/{rel}","templated":true}]}}