{"id":48,"date":"2019-10-05T16:05:05","date_gmt":"2019-10-05T14:05:05","guid":{"rendered":"http:\/\/localhost\/Aeronavale\/?page_id=48"},"modified":"2019-11-22T16:57:36","modified_gmt":"2019-11-22T15:57:36","slug":"fouga-magister-cm-170","status":"publish","type":"page","link":"https:\/\/aeronavalejc.com\/Aeronavale\/fouga-magister-cm-170\/","title":{"rendered":"Fouga Magister CM-170"},"content":{"rendered":"\n<div style=\"height:33px\" aria-hidden=\"true\" class=\"wp-block-spacer\"><\/div>\n\n\n\n<div class=\"wp-block-media-text alignwide\"><figure class=\"wp-block-media-text__media\"><img decoding=\"async\" loading=\"lazy\" width=\"799\" height=\"541\" src=\"http:\/\/localhost\/Aeronavale\/wp-content\/uploads\/2019\/11\/Fouga_CM170.jpg\" alt=\"\" class=\"wp-image-684\" srcset=\"https:\/\/aeronavalejc.com\/Aeronavale\/wp-content\/uploads\/2019\/11\/Fouga_CM170.jpg 799w, https:\/\/aeronavalejc.com\/Aeronavale\/wp-content\/uploads\/2019\/11\/Fouga_CM170-300x203.jpg 300w, https:\/\/aeronavalejc.com\/Aeronavale\/wp-content\/uploads\/2019\/11\/Fouga_CM170-768x520.jpg 768w\" sizes=\"(max-width: 799px) 100vw, 799px\" \/><\/figure><div class=\"wp-block-media-text__content\">\n<h2 class=\"has-text-color has-text-align-center has-custom-size wp-block-heading\" style=\"color:#0693e3;font-size:50px\"><em>Le FOUGA<\/em><\/h2>\n\n\n\n<p class=\"has-text-color has-text-align-center has-vivid-cyan-blue-color\">                                   &#8212;-<\/p>\n\n\n\n<p class=\"has-text-color has-text-align-center has-medium-font-size has-vivid-cyan-blue-color\"><em>Le CM 170 FOUGA MAGISTER \u00e0 \u00e9t\u00e9 l&rsquo;avion de la Patrouille de France \u00e0 partir de 1964<\/em><\/p>\n\n\n\n<p class=\"has-text-color has-text-align-center has-medium-font-size has-vivid-cyan-blue-color\"><em>C&rsquo;est sur cet avion que j&rsquo;ai fait mon cours d&rsquo;\u00e9l\u00e8ve pilote, j&rsquo;avais 20 ans !<\/em><\/p>\n\n\n\n<p class=\"has-text-color has-text-align-center has-medium-font-size has-vivid-cyan-blue-color\"><em>Lach\u00e9 en solo au bout de cinq heures de vol ou \u00e9limin\u00e9 du cours !<\/em><\/p>\n\n\n\n<p class=\"has-text-color has-text-align-center has-medium-font-size has-vivid-cyan-blue-color\"><em>150 heures de formation, des tests en vol permanents, beaucoup d&rsquo;efforts et de larmes !<\/em><\/p>\n\n\n\n<div style=\"height:43px\" aria-hidden=\"true\" class=\"wp-block-spacer\"><\/div>\n\n\n\n<div class=\"wp-block-advgb-button aligncenter\"><a class=\"wp-block-advgb-button_link advgbbtn-cc17edd7-29a3-43a2-8da4-79eab6241da8\" href=\"https:\/\/aeronavalejc.com\/Aeronavale\/wp-admin\/images\/galerie_fouga\/index.html\" target=\"_self\" rel=\"noopener noreferrer\"><em>Acc\u00e8s galerie<\/em><\/a><\/div>\n\n\n\n<div style=\"height:63px\" aria-hidden=\"true\" class=\"wp-block-spacer\"><\/div>\n<\/div><\/div>\n<style class=\"advgb-styles-renderer\">.advgbbtn-cc17edd7-29a3-43a2-8da4-79eab6241da8{font-size:10px;color:#313131 !important;background-color:#8ed1fc !important;margin:0px 0px 0px 0px !important;padding:10px 30px 10px 30px;border-width:1px !important;border-style:none;border-radius:50px !important;}.advgbbtn-cc17edd7-29a3-43a2-8da4-79eab6241da8:hover{background-color:#9b51e0 !important;box-shadow:1px 1px 12px 0px #ccc;opacity:1;transition:all 0.2s ease;}.advgbbtn-cc17edd7-29a3-43a2-8da4-79eab6241da8 > i {display: none !important;}<\/style>","protected":false},"excerpt":{"rendered":"","protected":false},"author":1,"featured_media":0,"parent":0,"menu_order":0,"comment_status":"closed","ping_status":"closed","template":"","meta":{"advgb_blocks_editor_width":"","advgb_blocks_columns_visual_guide":"","_coblocks_attr":"","_coblocks_dimensions":"","_coblocks_responsive_height":"","_coblocks_accordion_ie_support":"","ngg_post_thumbnail":0},"coauthors":[],"author_meta":{"author_link":"https:\/\/aeronavalejc.com\/Aeronavale\/author\/jca\/","display_name":"JCA"},"relative_dates":{"created":"Publi\u00e9 7 ans il y a","modified":"Mis \u00e0 jour 6 ans il y a"},"absolute_dates":{"created":"Publi\u00e9 le 5 octobre 2019","modified":"Mise \u00e0 jour le 22 novembre 2019"},"absolute_dates_time":{"created":"Publi\u00e9 le 5 octobre 2019 16 h 05 min","modified":"Mise \u00e0 jour le 22 novembre 2019 16 h 57 min"},"featured_img_caption":"","featured_img":false,"series_order":"","_links":{"self":[{"href":"https:\/\/aeronavalejc.com\/Aeronavale\/wp-json\/wp\/v2\/pages\/48"}],"collection":[{"href":"https:\/\/aeronavalejc.com\/Aeronavale\/wp-json\/wp\/v2\/pages"}],"about":[{"href":"https:\/\/aeronavalejc.com\/Aeronavale\/wp-json\/wp\/v2\/types\/page"}],"author":[{"embeddable":true,"href":"https:\/\/aeronavalejc.com\/Aeronavale\/wp-json\/wp\/v2\/users\/1"}],"replies":[{"embeddable":true,"href":"https:\/\/aeronavalejc.com\/Aeronavale\/wp-json\/wp\/v2\/comments?post=48"}],"version-history":[{"count":13,"href":"https:\/\/aeronavalejc.com\/Aeronavale\/wp-json\/wp\/v2\/pages\/48\/revisions"}],"predecessor-version":[{"id":930,"href":"https:\/\/aeronavalejc.com\/Aeronavale\/wp-json\/wp\/v2\/pages\/48\/revisions\/930"}],"wp:attachment":[{"href":"https:\/\/aeronavalejc.com\/Aeronavale\/wp-json\/wp\/v2\/media?parent=48"}],"curies":[{"name":"wp","href":"https:\/\/api.w.org\/{rel}","templated":true}]}}