{"id":42,"date":"2019-10-05T16:01:16","date_gmt":"2019-10-05T14:01:16","guid":{"rendered":"http:\/\/localhost\/Aeronavale\/?page_id=42"},"modified":"2019-11-23T13:41:28","modified_gmt":"2019-11-23T12:41:28","slug":"srl-et-57s-1980-1985","status":"publish","type":"page","link":"https:\/\/aeronavalejc.com\/Aeronavale\/srl-et-57s-1980-1985\/","title":{"rendered":"SRL et 57S 1980-1985"},"content":{"rendered":"\n<div style=\"height:36px\" aria-hidden=\"true\" class=\"wp-block-spacer\"><\/div>\n\n\n\n<p><\/p>\n\n\n\n<div class=\"wp-block-media-text alignwide\"><figure class=\"wp-block-media-text__media\"><img decoding=\"async\" loading=\"lazy\" width=\"752\" height=\"510\" src=\"http:\/\/localhost\/Aeronavale\/wp-content\/uploads\/2019\/10\/introSRL.jpg\" alt=\"\" class=\"wp-image-425\" srcset=\"https:\/\/aeronavalejc.com\/Aeronavale\/wp-content\/uploads\/2019\/10\/introSRL.jpg 752w, https:\/\/aeronavalejc.com\/Aeronavale\/wp-content\/uploads\/2019\/10\/introSRL-300x203.jpg 300w\" sizes=\"(max-width: 752px) 100vw, 752px\" \/><\/figure><div class=\"wp-block-media-text__content\">\n<p style=\"font-size:50px\" class=\"has-text-color has-text-align-center has-vivid-cyan-blue-color has-custom-size\"><em>La SRL et la 57S<\/em><\/p>\n\n\n\n<div style=\"height:46px\" aria-hidden=\"true\" class=\"wp-block-spacer\"><\/div>\n\n\n\n<p class=\"has-text-color has-medium-font-size has-vivid-cyan-blue-color\"><em>Les pilotes de la SRL \u00e9taient tous d&rsquo;anciens chasseurs et c&rsquo;\u00e9tait la premi\u00e8re fois<\/em> <em>qu&rsquo;un pilote de Patmar y \u00e9tait affect\u00e9 !!<\/em><\/p>\n\n\n\n<p class=\"has-text-color has-text-align-center has-medium-font-size has-vivid-cyan-blue-color\"><em>J&rsquo;ai transmis mes connaissances du vol IFR sur Falcon 10, j&rsquo;ai d\u00e9couvert leur pilotage sur MS 760 Paris: impressionnant !!<\/em><\/p>\n\n\n\n<p class=\"has-text-color has-text-align-center has-medium-font-size has-vivid-cyan-blue-color\"><em>L&rsquo;Aviation Embarqu\u00e9e, une ambiance diff\u00e9rente de la Patrouille Maritime<\/em> <em>et que j&rsquo;ai beaucoup aim\u00e9 !<\/em><\/p>\n\n\n\n<p class=\"has-text-color has-text-align-center has-medium-font-size has-vivid-cyan-blue-color\"><em>Soi-disant seul pilote de la formation apte si\u00e8ge \u00e9jectable, je suis d\u00e9sign\u00e9 pour la qualif d&rsquo;examinateur VSV sur T33 T-Bird \u00e0 Saint Dizier, super !!<\/em><\/p>\n\n\n\n<div style=\"height:64px\" aria-hidden=\"true\" class=\"wp-block-spacer\"><\/div>\n\n\n\n<div class=\"wp-block-advgb-button aligncenter\"><a class=\"wp-block-advgb-button_link advgbbtn-452a1fb1-7854-47bb-8dcc-b8a99b035d75\" href=\"https:\/\/aeronavalejc.com\/Aeronavale\/wp-admin\/images\/57S_galerie\/index.html\" target=\"_self\" rel=\"noopener noreferrer\"><em>Acc\u00e8s galerie<\/em><\/a><\/div>\n\n\n\n<div style=\"height:53px\" aria-hidden=\"true\" class=\"wp-block-spacer\"><\/div>\n<\/div><\/div>\n<style class=\"advgb-styles-renderer\">.advgbbtn-452a1fb1-7854-47bb-8dcc-b8a99b035d75{font-size:10px;color:#313131 !important;background-color:#8ed1fc !important;margin:0px 0px 0px 0px !important;padding:10px 30px 10px 30px;border-width:1px !important;border-style:none;border-radius:50px !important;}.advgbbtn-452a1fb1-7854-47bb-8dcc-b8a99b035d75:hover{background-color:#9b51e0 !important;box-shadow:1px 1px 12px 0px #ccc;opacity:1;transition:all 0.2s ease;}.advgbbtn-452a1fb1-7854-47bb-8dcc-b8a99b035d75 > i {display: none !important;}<\/style>","protected":false},"excerpt":{"rendered":"","protected":false},"author":1,"featured_media":0,"parent":0,"menu_order":0,"comment_status":"closed","ping_status":"closed","template":"","meta":{"advgb_blocks_editor_width":"","advgb_blocks_columns_visual_guide":"","_coblocks_attr":"","_coblocks_dimensions":"","_coblocks_responsive_height":"","_coblocks_accordion_ie_support":"","ngg_post_thumbnail":0},"coauthors":[],"author_meta":{"author_link":"https:\/\/aeronavalejc.com\/Aeronavale\/author\/jca\/","display_name":"JCA"},"relative_dates":{"created":"Publi\u00e9 7 ans il y a","modified":"Mis \u00e0 jour 6 ans il y a"},"absolute_dates":{"created":"Publi\u00e9 le 5 octobre 2019","modified":"Mise \u00e0 jour le 23 novembre 2019"},"absolute_dates_time":{"created":"Publi\u00e9 le 5 octobre 2019 16 h 01 min","modified":"Mise \u00e0 jour le 23 novembre 2019 13 h 41 min"},"featured_img_caption":"","featured_img":false,"series_order":"","_links":{"self":[{"href":"https:\/\/aeronavalejc.com\/Aeronavale\/wp-json\/wp\/v2\/pages\/42"}],"collection":[{"href":"https:\/\/aeronavalejc.com\/Aeronavale\/wp-json\/wp\/v2\/pages"}],"about":[{"href":"https:\/\/aeronavalejc.com\/Aeronavale\/wp-json\/wp\/v2\/types\/page"}],"author":[{"embeddable":true,"href":"https:\/\/aeronavalejc.com\/Aeronavale\/wp-json\/wp\/v2\/users\/1"}],"replies":[{"embeddable":true,"href":"https:\/\/aeronavalejc.com\/Aeronavale\/wp-json\/wp\/v2\/comments?post=42"}],"version-history":[{"count":13,"href":"https:\/\/aeronavalejc.com\/Aeronavale\/wp-json\/wp\/v2\/pages\/42\/revisions"}],"predecessor-version":[{"id":942,"href":"https:\/\/aeronavalejc.com\/Aeronavale\/wp-json\/wp\/v2\/pages\/42\/revisions\/942"}],"wp:attachment":[{"href":"https:\/\/aeronavalejc.com\/Aeronavale\/wp-json\/wp\/v2\/media?parent=42"}],"curies":[{"name":"wp","href":"https:\/\/api.w.org\/{rel}","templated":true}]}}

<div style="height:36px" aria-hidden="true" class="wp-block-spacer"></div>



<p></p>



<div class="wp-block-media-text alignwide"><figure class="wp-block-media-text__media"><img decoding="async" loading="lazy" width="752" height="510" src="http://localhost/Aeronavale/wp-content/uploads/2019/10/introSRL.jpg" alt="" class="wp-image-425" srcset="https://aeronavalejc.com/Aeronavale/wp-content/uploads/2019/10/introSRL.jpg 752w, https://aeronavalejc.com/Aeronavale/wp-content/uploads/2019/10/introSRL-300x203.jpg 300w" sizes="(max-width: 752px) 100vw, 752px" /></figure><div class="wp-block-media-text__content">
<p style="font-size:50px" class="has-text-color has-text-align-center has-vivid-cyan-blue-color has-custom-size"><em>La SRL et la 57S</em></p>



<div style="height:46px" aria-hidden="true" class="wp-block-spacer"></div>



<p class="has-text-color has-medium-font-size has-vivid-cyan-blue-color"><em>Les pilotes de la SRL étaient tous d&rsquo;anciens chasseurs et c&rsquo;était la première fois</em> <em>qu&rsquo;un pilote de Patmar y était affecté !!</em></p>



<p class="has-text-color has-text-align-center has-medium-font-size has-vivid-cyan-blue-color"><em>J&rsquo;ai transmis mes connaissances du vol IFR sur Falcon 10, j&rsquo;ai découvert leur pilotage sur MS 760 Paris: impressionnant !!</em></p>



<p class="has-text-color has-text-align-center has-medium-font-size has-vivid-cyan-blue-color"><em>L&rsquo;Aviation Embarquée, une ambiance différente de la Patrouille Maritime</em> <em>et que j&rsquo;ai beaucoup aimé !</em></p>



<p class="has-text-color has-text-align-center has-medium-font-size has-vivid-cyan-blue-color"><em>Soi-disant seul pilote de la formation apte siège éjectable, je suis désigné pour la qualif d&rsquo;examinateur VSV sur T33 T-Bird à Saint Dizier, super !!</em></p>



<div style="height:64px" aria-hidden="true" class="wp-block-spacer"></div>



<div class="wp-block-advgb-button aligncenter"><a class="wp-block-advgb-button_link advgbbtn-452a1fb1-7854-47bb-8dcc-b8a99b035d75" href="https://aeronavalejc.com/Aeronavale/wp-admin/images/57S_galerie/index.html" target="_self" rel="noopener noreferrer"><em>Accès galerie</em></a></div>



<div style="height:53px" aria-hidden="true" class="wp-block-spacer"></div>
</div></div>
<style class="advgb-styles-renderer">.advgbbtn-452a1fb1-7854-47bb-8dcc-b8a99b035d75{font-size:10px;color:#313131 !important;background-color:#8ed1fc !important;margin:0px 0px 0px 0px !important;padding:10px 30px 10px 30px;border-width:1px !important;border-style:none;border-radius:50px !important;}.advgbbtn-452a1fb1-7854-47bb-8dcc-b8a99b035d75:hover{background-color:#9b51e0 !important;box-shadow:1px 1px 12px 0px #ccc;opacity:1;transition:all 0.2s ease;}.advgbbtn-452a1fb1-7854-47bb-8dcc-b8a99b035d75 > i {display: none !important;}</style>

Publié 7 ans il y a

Mis à jour 6 ans il y a

Publié le 5 octobre 2019

Mise à jour le 23 novembre 2019

Publié le 5 octobre 2019 16 h 01 min

Mise à jour le 23 novembre 2019 13 h 41 min
