{"id":36,"date":"2019-10-05T15:59:05","date_gmt":"2019-10-05T13:59:05","guid":{"rendered":"http:\/\/localhost\/Aeronavale\/?page_id=36"},"modified":"2019-11-22T16:53:53","modified_gmt":"2019-11-22T15:53:53","slug":"flottille-23f-1972-1976","status":"publish","type":"page","link":"https:\/\/aeronavalejc.com\/Aeronavale\/flottille-23f-1972-1976\/","title":{"rendered":"Flottille 23F 1972-1976"},"content":{"rendered":"\n<div style=\"height:22px\" aria-hidden=\"true\" class=\"wp-block-spacer\"><\/div>\n\n\n\n<div class=\"wp-block-media-text alignwide is-stacked-on-mobile\" style=\"grid-template-columns:31% auto\"><figure class=\"wp-block-media-text__media\"><img decoding=\"async\" loading=\"lazy\" width=\"300\" height=\"641\" src=\"http:\/\/localhost\/Aeronavale\/wp-content\/uploads\/2019\/11\/Flottille_23F.jpg\" alt=\"\" class=\"wp-image-533\" srcset=\"https:\/\/aeronavalejc.com\/Aeronavale\/wp-content\/uploads\/2019\/11\/Flottille_23F.jpg 300w, https:\/\/aeronavalejc.com\/Aeronavale\/wp-content\/uploads\/2019\/11\/Flottille_23F-140x300.jpg 140w\" sizes=\"(max-width: 300px) 100vw, 300px\" \/><\/figure><div class=\"wp-block-media-text__content\">\n<p style=\"font-size:72px\" class=\"has-text-color has-text-align-center has-vivid-cyan-blue-color has-custom-size\"><em>La 23F<\/em><\/p>\n\n\n\n<div style=\"height:43px\" aria-hidden=\"true\" class=\"wp-block-spacer\"><\/div>\n\n\n\n<p class=\"has-text-color has-text-align-center has-medium-font-size has-vivid-cyan-blue-color\"><em>J&rsquo;arrive dans une formation, depuis 4 mois vide  d&rsquo;avions, c&rsquo;est en avril 72 que la 23F re\u00e7oit ses Atlantic 1<\/em>,<\/p>\n\n\n\n<p class=\"has-text-color has-text-align-center has-medium-font-size has-vivid-cyan-blue-color\"><em>Notre formation en vol s&rsquo;effectue avec des pilotes de la 24F<\/em>:  <em> LV Brultey, LV Lemercier, LV Deletang,OE Delaurie&#8230;..<\/em> <\/p>\n\n\n\n<p class=\"has-text-color has-text-align-center has-medium-font-size has-vivid-cyan-blue-color\"><em>Passer du P2 \u00e0 l&rsquo;Atlantic 1, c&rsquo;\u00e9tait changer d&rsquo;\u00e9poque ! comme disaient les chasseurs: il y avaient les Crouze et les autres&#8230;..<\/em><\/p>\n\n\n\n<p class=\"has-text-color has-text-align-center has-medium-font-size has-vivid-cyan-blue-color\"><em>Tr\u00e8s bons souvenirs de WH avec le LV&nbsp; Le Boulluec et de nos chasses sous-marine<\/em> <em>\u00e0 Dakar et Djibouti<\/em>.<\/p>\n\n\n\n<p class=\"has-text-color has-text-align-center has-medium-font-size has-vivid-cyan-blue-color\"><em>C&rsquo;est avec l&rsquo;\u00e9quipage WC et Gagnage que nous effectuerons un s\u00e9jour m\u00e9morable en Norv\u00e8ge \u00e0 Bodo<\/em>.<\/p>\n\n\n\n<div style=\"height:48px\" aria-hidden=\"true\" class=\"wp-block-spacer\"><\/div>\n\n\n\n<div class=\"wp-block-advgb-button aligncenter\"><a class=\"wp-block-advgb-button_link advgbbtn-1de6686f-938b-4bc7-9739-969164089545\" href=\"https:\/\/aeronavalejc.com\/Aeronavale\/wp-admin\/images\/23F_galerie\/index.html\" target=\"_self\" rel=\"noopener noreferrer\"><em>Acc\u00e8s galerie<\/em><\/a><\/div>\n<\/div><\/div>\n<style class=\"advgb-styles-renderer\">.advgbbtn-1de6686f-938b-4bc7-9739-969164089545{font-size:10px;color:#313131 !important;background-color:#8ed1fc !important;margin:0px 0px 0px 0px !important;padding:10px 30px 10px 30px;border-width:1px !important;border-style:none;border-radius:50px !important;}.advgbbtn-1de6686f-938b-4bc7-9739-969164089545:hover{background-color:#9b51e0 !important;box-shadow:1px 1px 12px 0px #ccc;opacity:1;transition:all 0.2s ease;}.advgbbtn-1de6686f-938b-4bc7-9739-969164089545 > i {display: none !important;}<\/style>","protected":false},"excerpt":{"rendered":"","protected":false},"author":1,"featured_media":0,"parent":0,"menu_order":0,"comment_status":"closed","ping_status":"closed","template":"","meta":{"advgb_blocks_editor_width":"","advgb_blocks_columns_visual_guide":"","_coblocks_attr":"","_coblocks_dimensions":"","_coblocks_responsive_height":"","_coblocks_accordion_ie_support":"","ngg_post_thumbnail":0},"coauthors":[],"author_meta":{"author_link":"https:\/\/aeronavalejc.com\/Aeronavale\/author\/jca\/","display_name":"JCA"},"relative_dates":{"created":"Publi\u00e9 7 ans il y a","modified":"Mis \u00e0 jour 6 ans il y a"},"absolute_dates":{"created":"Publi\u00e9 le 5 octobre 2019","modified":"Mise \u00e0 jour le 22 novembre 2019"},"absolute_dates_time":{"created":"Publi\u00e9 le 5 octobre 2019 15 h 59 min","modified":"Mise \u00e0 jour le 22 novembre 2019 16 h 53 min"},"featured_img_caption":"","featured_img":false,"series_order":"","_links":{"self":[{"href":"https:\/\/aeronavalejc.com\/Aeronavale\/wp-json\/wp\/v2\/pages\/36"}],"collection":[{"href":"https:\/\/aeronavalejc.com\/Aeronavale\/wp-json\/wp\/v2\/pages"}],"about":[{"href":"https:\/\/aeronavalejc.com\/Aeronavale\/wp-json\/wp\/v2\/types\/page"}],"author":[{"embeddable":true,"href":"https:\/\/aeronavalejc.com\/Aeronavale\/wp-json\/wp\/v2\/users\/1"}],"replies":[{"embeddable":true,"href":"https:\/\/aeronavalejc.com\/Aeronavale\/wp-json\/wp\/v2\/comments?post=36"}],"version-history":[{"count":23,"href":"https:\/\/aeronavalejc.com\/Aeronavale\/wp-json\/wp\/v2\/pages\/36\/revisions"}],"predecessor-version":[{"id":929,"href":"https:\/\/aeronavalejc.com\/Aeronavale\/wp-json\/wp\/v2\/pages\/36\/revisions\/929"}],"wp:attachment":[{"href":"https:\/\/aeronavalejc.com\/Aeronavale\/wp-json\/wp\/v2\/media?parent=36"}],"curies":[{"name":"wp","href":"https:\/\/api.w.org\/{rel}","templated":true}]}}

<div style="height:22px" aria-hidden="true" class="wp-block-spacer"></div>



<div class="wp-block-media-text alignwide is-stacked-on-mobile" style="grid-template-columns:31% auto"><figure class="wp-block-media-text__media"><img decoding="async" loading="lazy" width="300" height="641" src="http://localhost/Aeronavale/wp-content/uploads/2019/11/Flottille_23F.jpg" alt="" class="wp-image-533" srcset="https://aeronavalejc.com/Aeronavale/wp-content/uploads/2019/11/Flottille_23F.jpg 300w, https://aeronavalejc.com/Aeronavale/wp-content/uploads/2019/11/Flottille_23F-140x300.jpg 140w" sizes="(max-width: 300px) 100vw, 300px" /></figure><div class="wp-block-media-text__content">
<p style="font-size:72px" class="has-text-color has-text-align-center has-vivid-cyan-blue-color has-custom-size"><em>La 23F</em></p>



<div style="height:43px" aria-hidden="true" class="wp-block-spacer"></div>



<p class="has-text-color has-text-align-center has-medium-font-size has-vivid-cyan-blue-color"><em>J&rsquo;arrive dans une formation, depuis 4 mois vide  d&rsquo;avions, c&rsquo;est en avril 72 que la 23F reçoit ses Atlantic 1</em>,</p>



<p class="has-text-color has-text-align-center has-medium-font-size has-vivid-cyan-blue-color"><em>Notre formation en vol s&rsquo;effectue avec des pilotes de la 24F</em>:  <em> LV Brultey, LV Lemercier, LV Deletang,OE Delaurie&#8230;..</em> </p>



<p class="has-text-color has-text-align-center has-medium-font-size has-vivid-cyan-blue-color"><em>Passer du P2 à l&rsquo;Atlantic 1, c&rsquo;était changer d&rsquo;époque ! comme disaient les chasseurs: il y avaient les Crouze et les autres&#8230;..</em></p>



<p class="has-text-color has-text-align-center has-medium-font-size has-vivid-cyan-blue-color"><em>Très bons souvenirs de WH avec le LV&nbsp; Le Boulluec et de nos chasses sous-marine</em> <em>à Dakar et Djibouti</em>.</p>



<p class="has-text-color has-text-align-center has-medium-font-size has-vivid-cyan-blue-color"><em>C&rsquo;est avec l&rsquo;équipage WC et Gagnage que nous effectuerons un séjour mémorable en Norvège à Bodo</em>.</p>



<div style="height:48px" aria-hidden="true" class="wp-block-spacer"></div>



<div class="wp-block-advgb-button aligncenter"><a class="wp-block-advgb-button_link advgbbtn-1de6686f-938b-4bc7-9739-969164089545" href="https://aeronavalejc.com/Aeronavale/wp-admin/images/23F_galerie/index.html" target="_self" rel="noopener noreferrer"><em>Accès galerie</em></a></div>
</div></div>
<style class="advgb-styles-renderer">.advgbbtn-1de6686f-938b-4bc7-9739-969164089545{font-size:10px;color:#313131 !important;background-color:#8ed1fc !important;margin:0px 0px 0px 0px !important;padding:10px 30px 10px 30px;border-width:1px !important;border-style:none;border-radius:50px !important;}.advgbbtn-1de6686f-938b-4bc7-9739-969164089545:hover{background-color:#9b51e0 !important;box-shadow:1px 1px 12px 0px #ccc;opacity:1;transition:all 0.2s ease;}.advgbbtn-1de6686f-938b-4bc7-9739-969164089545 > i {display: none !important;}</style>

Publié 7 ans il y a

Mis à jour 6 ans il y a

Publié le 5 octobre 2019

Mise à jour le 22 novembre 2019

Publié le 5 octobre 2019 15 h 59 min

Mise à jour le 22 novembre 2019 16 h 53 min
