{"id":32,"date":"2019-10-05T15:57:56","date_gmt":"2019-10-05T13:57:56","guid":{"rendered":"http:\/\/localhost\/Aeronavale\/?page_id=32"},"modified":"2019-11-22T16:50:14","modified_gmt":"2019-11-22T15:50:14","slug":"escadrille-12s","status":"publish","type":"page","link":"https:\/\/aeronavalejc.com\/Aeronavale\/escadrille-12s\/","title":{"rendered":"Escadrille 12S 1970-1972"},"content":{"rendered":"\n<div style=\"height:20px\" aria-hidden=\"true\" class=\"wp-block-spacer\"><\/div>\n\n\n\n<div class=\"wp-block-media-text alignwide is-stacked-on-mobile\" style=\"grid-template-columns:22% auto\"><figure class=\"wp-block-media-text__media\"><img decoding=\"async\" loading=\"lazy\" width=\"300\" height=\"641\" src=\"http:\/\/localhost\/Aeronavale\/wp-content\/uploads\/2019\/11\/Escadrille_12S.jpg\" alt=\"\" class=\"wp-image-469\" srcset=\"https:\/\/aeronavalejc.com\/Aeronavale\/wp-content\/uploads\/2019\/11\/Escadrille_12S.jpg 300w, https:\/\/aeronavalejc.com\/Aeronavale\/wp-content\/uploads\/2019\/11\/Escadrille_12S-140x300.jpg 140w\" sizes=\"(max-width: 300px) 100vw, 300px\" \/><\/figure><div class=\"wp-block-media-text__content\">\n<p style=\"font-size:72px\" class=\"has-text-color has-text-align-center has-vivid-cyan-blue-color has-custom-size\"><em>La 12S<\/em><\/p>\n\n\n\n<div style=\"height:40px\" aria-hidden=\"true\" class=\"wp-block-spacer\"><\/div>\n\n\n\n<p class=\"has-text-color has-text-align-center has-medium-font-size has-vivid-cyan-blue-color\"><em>Combien de fois ai-je vu cet avion au dessus de ma t\u00eate \u00e0 Lorient ? A 23 ans j&rsquo;allais piloter cet avion de l\u00e9gende: Le Lockheed&nbsp; P2V7 Neptune ! <\/em><\/p>\n\n\n\n<div style=\"height:26px\" aria-hidden=\"true\" class=\"wp-block-spacer\"><\/div>\n\n\n\n<p><\/p>\n\n\n\n<p class=\"has-text-color has-text-align-center has-medium-font-size has-vivid-cyan-blue-color\"><em>2 ans \u00e0 la 12S sur P2, avec l&rsquo;OE Caissial, surprenant pilote joueur d&rsquo;Orgues et qui arrivait au break aux spoilers \u00e0 Santa Maria des A\u00e7ores.<\/em><\/p>\n\n\n\n<p><\/p>\n\n\n\n<p><\/p>\n\n\n\n<p class=\"has-text-color has-text-align-center has-medium-font-size has-vivid-cyan-blue-color\"><em>Puis l&rsquo;OE Chaillou avec le super \u00e9quipage FXCNG&nbsp; (Oli\u00e9ric, Falip, Santoni, B\u00e9n\u00e9teau, Adona\u00ef, Talidec&#8230;..<\/em><\/p>\n\n\n\n<p><\/p>\n\n\n\n<p><\/p>\n\n\n\n<p class=\"has-text-color has-text-align-center has-medium-font-size has-vivid-cyan-blue-color\"><em>Une des missions de la 12S \u00e9taient d&rsquo;effectuer des mesures sur les lancements de missiles du Centre d&rsquo;Essai des Landes \u00e0 partir des A\u00e7ores.<\/em><\/p>\n\n\n\n<p class=\"has-text-color has-text-align-center has-medium-font-size has-vivid-cyan-blue-color\">  <em>Santa Maria des A\u00e7ores, un super spot pour les amateurs de chasse sous-marine&#8230;&#8230;..!!<\/em><\/p>\n\n\n\n<div style=\"height:36px\" aria-hidden=\"true\" class=\"wp-block-spacer\"><\/div>\n\n\n\n<div class=\"wp-block-advgb-button aligncenter\"><a class=\"wp-block-advgb-button_link advgbbtn-e99ebf5e-f3cf-4de3-a8f5-d44115098f47\" href=\"https:\/\/aeronavalejc.com\/Aeronavale\/wp-admin\/images\/12S_galerie\/index.html\" target=\"_self\" rel=\"noopener noreferrer\"><em>Acc\u00e8s galerie<\/em><\/a><\/div>\n\n\n\n<div style=\"height:48px\" aria-hidden=\"true\" class=\"wp-block-spacer\"><\/div>\n<\/div><\/div>\n<style class=\"advgb-styles-renderer\">.advgbbtn-e99ebf5e-f3cf-4de3-a8f5-d44115098f47{font-size:10px;color:#313131 !important;background-color:#8ed1fc !important;margin:0px 0px 0px 0px !important;padding:10px 30px 10px 30px;border-width:1px !important;border-style:none;border-radius:50px !important;}.advgbbtn-e99ebf5e-f3cf-4de3-a8f5-d44115098f47:hover{background-color:#9b51e0 !important;box-shadow:1px 1px 12px 0px #ccc;opacity:1;transition:all 0.2s ease;}.advgbbtn-e99ebf5e-f3cf-4de3-a8f5-d44115098f47 > i {display: none !important;}<\/style>","protected":false},"excerpt":{"rendered":"","protected":false},"author":1,"featured_media":0,"parent":0,"menu_order":0,"comment_status":"closed","ping_status":"closed","template":"","meta":{"advgb_blocks_editor_width":"full","advgb_blocks_columns_visual_guide":"","_coblocks_attr":"","_coblocks_dimensions":"{\"coblocks-row-107162334660\":{\"padding\":{\"paddingTop\":\"50px\",\"paddingRight\":\"50px\",\"paddingBottom\":\"50px\",\"paddingLeft\":\"50px\",\"paddingTopTablet\":null,\"paddingRightTablet\":null,\"paddingBottomTablet\":null,\"paddingLeftTablet\":null,\"paddingTopMobile\":null,\"paddingRightMobile\":null,\"paddingBottomMobile\":null,\"paddingLeftMobile\":null}},\"coblocks-media-card-107162334501\":{\"padding\":{}}}","_coblocks_responsive_height":"","_coblocks_accordion_ie_support":"","ngg_post_thumbnail":0},"coauthors":[],"author_meta":{"author_link":"https:\/\/aeronavalejc.com\/Aeronavale\/author\/jca\/","display_name":"JCA"},"relative_dates":{"created":"Publi\u00e9 7 ans il y a","modified":"Mis \u00e0 jour 6 ans il y a"},"absolute_dates":{"created":"Publi\u00e9 le 5 octobre 2019","modified":"Mise \u00e0 jour le 22 novembre 2019"},"absolute_dates_time":{"created":"Publi\u00e9 le 5 octobre 2019 15 h 57 min","modified":"Mise \u00e0 jour le 22 novembre 2019 16 h 50 min"},"featured_img_caption":"","featured_img":false,"series_order":"","_links":{"self":[{"href":"https:\/\/aeronavalejc.com\/Aeronavale\/wp-json\/wp\/v2\/pages\/32"}],"collection":[{"href":"https:\/\/aeronavalejc.com\/Aeronavale\/wp-json\/wp\/v2\/pages"}],"about":[{"href":"https:\/\/aeronavalejc.com\/Aeronavale\/wp-json\/wp\/v2\/types\/page"}],"author":[{"embeddable":true,"href":"https:\/\/aeronavalejc.com\/Aeronavale\/wp-json\/wp\/v2\/users\/1"}],"replies":[{"embeddable":true,"href":"https:\/\/aeronavalejc.com\/Aeronavale\/wp-json\/wp\/v2\/comments?post=32"}],"version-history":[{"count":65,"href":"https:\/\/aeronavalejc.com\/Aeronavale\/wp-json\/wp\/v2\/pages\/32\/revisions"}],"predecessor-version":[{"id":927,"href":"https:\/\/aeronavalejc.com\/Aeronavale\/wp-json\/wp\/v2\/pages\/32\/revisions\/927"}],"wp:attachment":[{"href":"https:\/\/aeronavalejc.com\/Aeronavale\/wp-json\/wp\/v2\/media?parent=32"}],"curies":[{"name":"wp","href":"https:\/\/api.w.org\/{rel}","templated":true}]}}

<div style="height:20px" aria-hidden="true" class="wp-block-spacer"></div>



<div class="wp-block-media-text alignwide is-stacked-on-mobile" style="grid-template-columns:22% auto"><figure class="wp-block-media-text__media"><img decoding="async" loading="lazy" width="300" height="641" src="http://localhost/Aeronavale/wp-content/uploads/2019/11/Escadrille_12S.jpg" alt="" class="wp-image-469" srcset="https://aeronavalejc.com/Aeronavale/wp-content/uploads/2019/11/Escadrille_12S.jpg 300w, https://aeronavalejc.com/Aeronavale/wp-content/uploads/2019/11/Escadrille_12S-140x300.jpg 140w" sizes="(max-width: 300px) 100vw, 300px" /></figure><div class="wp-block-media-text__content">
<p style="font-size:72px" class="has-text-color has-text-align-center has-vivid-cyan-blue-color has-custom-size"><em>La 12S</em></p>



<div style="height:40px" aria-hidden="true" class="wp-block-spacer"></div>



<p class="has-text-color has-text-align-center has-medium-font-size has-vivid-cyan-blue-color"><em>Combien de fois ai-je vu cet avion au dessus de ma tête à Lorient ? A 23 ans j&rsquo;allais piloter cet avion de légende: Le Lockheed&nbsp; P2V7 Neptune ! </em></p>



<div style="height:26px" aria-hidden="true" class="wp-block-spacer"></div>



<p></p>



<p class="has-text-color has-text-align-center has-medium-font-size has-vivid-cyan-blue-color"><em>2 ans à la 12S sur P2, avec l&rsquo;OE Caissial, surprenant pilote joueur d&rsquo;Orgues et qui arrivait au break aux spoilers à Santa Maria des Açores.</em></p>



<p></p>



<p></p>



<p class="has-text-color has-text-align-center has-medium-font-size has-vivid-cyan-blue-color"><em>Puis l&rsquo;OE Chaillou avec le super équipage FXCNG&nbsp; (Oliéric, Falip, Santoni, Bénéteau, Adonaï, Talidec&#8230;..</em></p>



<p></p>



<p></p>



<p class="has-text-color has-text-align-center has-medium-font-size has-vivid-cyan-blue-color"><em>Une des missions de la 12S étaient d&rsquo;effectuer des mesures sur les lancements de missiles du Centre d&rsquo;Essai des Landes à partir des Açores.</em></p>



<p class="has-text-color has-text-align-center has-medium-font-size has-vivid-cyan-blue-color">  <em>Santa Maria des Açores, un super spot pour les amateurs de chasse sous-marine&#8230;&#8230;..!!</em></p>



<div style="height:36px" aria-hidden="true" class="wp-block-spacer"></div>



<div class="wp-block-advgb-button aligncenter"><a class="wp-block-advgb-button_link advgbbtn-e99ebf5e-f3cf-4de3-a8f5-d44115098f47" href="https://aeronavalejc.com/Aeronavale/wp-admin/images/12S_galerie/index.html" target="_self" rel="noopener noreferrer"><em>Accès galerie</em></a></div>



<div style="height:48px" aria-hidden="true" class="wp-block-spacer"></div>
</div></div>
<style class="advgb-styles-renderer">.advgbbtn-e99ebf5e-f3cf-4de3-a8f5-d44115098f47{font-size:10px;color:#313131 !important;background-color:#8ed1fc !important;margin:0px 0px 0px 0px !important;padding:10px 30px 10px 30px;border-width:1px !important;border-style:none;border-radius:50px !important;}.advgbbtn-e99ebf5e-f3cf-4de3-a8f5-d44115098f47:hover{background-color:#9b51e0 !important;box-shadow:1px 1px 12px 0px #ccc;opacity:1;transition:all 0.2s ease;}.advgbbtn-e99ebf5e-f3cf-4de3-a8f5-d44115098f47 > i {display: none !important;}</style>

Publié 7 ans il y a

Mis à jour 6 ans il y a

Publié le 5 octobre 2019

Mise à jour le 22 novembre 2019

Publié le 5 octobre 2019 15 h 57 min

Mise à jour le 22 novembre 2019 16 h 50 min
